ime?
True
Let k = 3445 + -5416. Let h = k - -2966. Is h composite?
True
Let s(r) = 3*r**3 - 2*r**2 - 6*r - 2. Let f be s(5). Suppose p - 4*z = f, -p + z + 299 = -0*z. Is p a prime number?
False
Let u(w) = -w**2 - 12*w + 16. Let r be u(-13). Let d(m) = m + 1. Let n be d(0). Is 2 - (r - n) - -157 a prime number?
True
Let k be 672/(-7)*14/4. Let q = k - -1091. Is q a composite number?
True
Suppose 0 = -j - 4*g + 32, 2*j - 5*g = 13 + 90. Suppose 4*k + k = -5*n - 60, -j = 5*k + n. Is ((-14)/k)/((-3)/(-348)) a prime number?
False
Let s(f) = 414*f**2 - 25*f + 3. Is s(4) a prime number?
False
Suppose 5*o - 50 = -5*h, 3*h = o + 2*o - 18. Let a be (-510)/(-4)*o/10. Suppose -128 = -5*g + a. Is g composite?
True
Let w(v) = -84*v - 19*v + 2 - 37*v. Is w(-3) a prime number?
False
Let d be (1 + 1 + -3)*-3. Let c be 9/4 + d/(-12). Suppose 87 = 4*w - 3*b - 264, 2*b = -c. Is w a composite number?
True
Let u(c) = -c**3 + 7*c**2 - 4*c - 6. Let f be u(6). Suppose -f*t + 6140 = -2*t. Suppose 3*v - 2*v + 1228 = 4*x, -5*x - 2*v + t = 0. Is x a composite number?
False
Suppose -5*b + 16*g = 18*g - 41655, 5*g + 8358 = b. Is b composite?
True
Let s = 28 - 23. Suppose t - 4*y = 4*t - 130, 220 = 5*t + s*y. Is t prime?
False
Suppose 3*v - 28591 = -0*v - 2*n, -2*n = -4*v + 38112. Is v prime?
False
Suppose 3*o + b = -3*b - 3, 5 = -5*o + 3*b. Let d(t) = -381*t**3 + t**2 - 1. Is d(o) a composite number?
True
Let j = -148 - -251. Is j a prime number?
True
Let f = -23 + 1. Let s be 2710/(-22) + (-4)/f. Let u = -84 - s. Is u a prime number?
False
Let m be -4*782/4 - -3. Let t = -339 - m. Let p = -235 + t. Is p prime?
False
Suppose m - 4*m + 4*h = -71555, 0 = -2*m + 4*h + 47698. Is m a prime number?
True
Let x = 6367 + -2964. Is x a prime number?
False
Suppose -2*m - 4*l = -21146, -21*l = -m - 18*l + 10588. Is m a prime number?
False
Let u(q) be the second derivative of -q**5/20 + 7*q**4/6 + 8*q**3/3 - 9*q**2 + 2*q. Is u(11) a composite number?
False
Let x = 29882 - 10267. Is x a composite number?
True
Suppose 15*k = 5399 + 2176. Is k composite?
True
Suppose -11*t + 16*t + 2*m = 4975, 0 = -3*m. Is t composite?
True
Suppose -2*p + 11 = y, -5*y + 0*p = -2*p - 19. Let o(m) = 0 + 1 - 2 - 3 + m + 6*m. Is o(y) a composite number?
False
Suppose -4*x - 42399 = -3*a, -a - 3*a = 4*x - 56560. Is a composite?
True
Is 7/(-10*(-2)/24020) composite?
True
Suppose 9*p = 12486 + 3057. Is p prime?
False
Suppose -1879 = -25*r - 254. Suppose -t - 1096 = t. Let k = r - t. Is k prime?
True
Let n be (-1)/((-9)/(-6) + (-33)/18). Suppose 0 = n*q - 6*q + 1761. Is q a composite number?
False
Is 23991/2*224/42 - -1 prime?
True
Let s(c) = 8806*c**3 + 2*c**2 + c. Is s(1) prime?
False
Is (20883/10 + 19/95)*2 composite?
False
Let i(b) = -9*b**3 - 2*b**2 + 20*b + 7. Let m be i(-8). Suppose -12*r + 2717 + m = 0. Is r a composite number?
False
Let x(z) = z**2 - 12*z + 10. Suppose -t + 33 = -39. Let c be ((-7)/21)/((-2)/t). Is x(c) composite?
True
Let r be 14/(-6)*(0 - 3). Suppose k - 11 - r = 0. Let c = 17 + k. Is c composite?
True
Let i = -63 - 83. Let f = 603 - 84. Let g = f + i. Is g a composite number?
False
Suppose 5 = -5*r - 5*x, -3*r - x + 3*x = -22. Suppose 7*v + r*v - 11473 = 0. Is v a composite number?
True
Suppose 21762 = 2*n - 2*q, -18*n - 43540 = -22*n - 4*q. Is n composite?
False
Let x(c) = 7*c**2 - 2*c - 1. Let k be x(-1). Suppose h + 76 = -k. Let w = -17 - h. Is w composite?
False
Let b = 11 + -11. Let x = -5 - -8. Suppose b*y - x*y = -633. Is y prime?
True
Suppose -3*m - 4*x + 12 = 0, -5*x = -x. Suppose 99 = 13*u - m*u. Is u a prime number?
True
Let l(r) = -r**2 + 6*r + 25. Let n be l(10). Let w be 79/(-1 - (-16)/18). Is 4/(-10) + w/n a prime number?
True
Let l(c) = c**3 + 6*c**2 + 2*c - 7. Let s be l(-5). Let q(d) be the second derivative of d**5/20 - 7*d**4/12 + d**3/3 + 5*d**2/2 + 2*d. Is q(s) a prime number?
False
Suppose 3*r - 4*z + 52 = 0, 0 = -z + 2*z + 5. Is ((222882/r)/11)/((-2)/8) prime?
False
Let a be (-2)/(36616/9156 + -4). Let v = a + -830. Is v composite?
False
Suppose -427 = -5*p + 63. Let r = p - 4. Is r a composite number?
True
Let l(w) = 56*w**2 + w + 2. Suppose 4*c - 2 = 10. Let f be l(c). Suppose -5*a + f - 154 = 0. Is a a prime number?
True
Let q = 4472 + -1243. Is q prime?
True
Let y = -7488 + 4725. Let m(z) = -z**2 - 8*z - 16. Let v be m(-8). Is v/88 - y/11 a prime number?
True
Let z(s) = -8*s + 4. Let y be 26/117 - (-20)/(-9). Let u be z(y). Is 1932/u + 6/15 a prime number?
True
Let n(s) = -s**3 - 7*s**2 - 3*s - 16. Let v be n(-7). Suppose -65 - 930 = -v*a. Is a composite?
False
Suppose 2*z + 0*p = 5*p - 10, 2*z + p - 2 = 0. Is (-2020)/(-6) + z + 5/15 a composite number?
False
Suppose 9*o - 2*t = 8*o + 2471, 0 = -2*o - 2*t + 4936. Is o a composite number?
True
Is 39258 - (-7 + 56)/7 a prime number?
True
Suppose 9 = 5*b - 1, -4*u = 4*b. Let a(z) = 140*z**2 - 2*z - 1. Is a(u) a composite number?
False
Let g(s) = 247*s. Let p be g(-4). Suppose -5*c + 4 = 2*h + 7, 1 = 4*c + 5*h. Is (-4)/c + (-7 - p) composite?
True
Let r(y) = -177*y**3 - 2*y**2 - 1. Let f be r(-2). Suppose m - 6 = 3*m + 2*v, -m - 8 = 2*v. Suppose 0 = d + m*d - f. Is d composite?
True
Let f(o) = 2*o**2 - 5*o + 9. Let d be f(3). Suppose 48260 = d*m - 24712. Is m composite?
True
Let t = -95 + 99. Suppose 3*n = 3*b - 3312 + 411, 0 = t*n. Is b a composite number?
False
Suppose 3*p - 2*p + 2*l - 6 = 0, 12 = 3*p + 4*l. Suppose p = 7*s - 3*s + 12. Is 1296/40 + s/(-5) a composite number?
True
Suppose 0 = 2*z - 0*z - 4, 5*f - 4*z = -23. Let w be 292*((-81)/(-18) - (4 - 0)). Let v = w - f. Is v a prime number?
True
Suppose 5*g - 70 = -0*g. Suppose 14 + g = 2*m. Is 2*1*413/m a composite number?
False
Suppose -5*w = 5*l - 26 + 6, -w - 2 = -5*l. Let u be l/(-2) - 25/(-10). Is (u/(-6))/((-10)/14610) prime?
True
Is ((-3484)/(-6))/(18/27) a prime number?
False
Let y(q) = q**3 + 11*q**2 + 5*q + 15. Suppose 0*v + 7*v = 63. Let a = -1 - v. Is y(a) composite?
True
Let g = 21543 - 10174. Is g a composite number?
False
Is 5/20*(-36 + 26768) a prime number?
False
Let w(t) = -346*t - 91. Is w(-4) a composite number?
True
Suppose i - 4 = 5*i. Let m be 1/(-2)*0/i. Let r(v) = -v + 203. Is r(m) prime?
False
Let q(k) = 386*k**2 - 2*k + 3. Is q(2) prime?
True
Let d = -85 + 81. Is d/12 + (-3974)/(-6) prime?
False
Let g(y) = -13825*y + 132. Is g(-5) prime?
True
Let w = -135 + 304. Suppose -w = -2*l - 3*v + 271, 3*l - v - 682 = 0. Is l composite?
True
Let z be (308/84)/((-1)/(-1029)). Let p = 836 + z. Is p prime?
False
Let j be 1/(((-2)/4 + 0)/(-2)). Suppose -j*v + 575 = v. Is v composite?
True
Suppose -5*i + i - 34 = -3*q, -4*q + 5*i = -47. Is 177/q*(-18)/(-3) a composite number?
False
Let q = 7725 + -4811. Let d = -1073 + q. Let g = -1284 + d. Is g a prime number?
True
Suppose 3*b - 6507 = -3*h, 2*b - 796 = -5*h + 3557. Suppose 2*r = 3*s + b, 3*r - 2353 = 5*s + 893. Is r a prime number?
False
Suppose -3*r = 5*k - 1336936, 0 = 19*k - 27*k + 2*r + 2139118. Is k a composite number?
False
Let y(r) = 59*r - 151. Is y(22) composite?
True
Let i(r) = 203*r**3 + 3*r**2 + 12*r - 29. Is i(5) composite?
True
Suppose -13*n = -8*n + 5*o - 6325, -5*n + 3*o + 6293 = 0. Is n composite?
True
Is 1*(34312 + 1 - -6) a composite number?
False
Suppose 4*a = 2*a + 2. Suppose -k = -a - 1. Suppose 4*l - k*q = -q + 1008, -l + 243 = 2*q. Is l prime?
True
Suppose 0 = 5*d - 3*s - 15496, -s = -4*d + 5867 + 6534. Is d a composite number?
True
Let i be (-4)/5*(3 - 8). Suppose -c - i*l - 13 = -l, 7 = c - l. Suppose c*n = -2*n + 136. Is n composite?
True
Let k be (12/(-10))/(-6*5/100). Suppose -k*n = 4*j - 100, 4*n = -5*j + 33 + 69. Is n a composite number?
False
Let z(p) = -p**3 - 53*p**2 - 180*p - 21. Is z(-58) a composite number?
False
Suppose 0 = -5*j + 20520 + 825. Is j a prime number?
False
Let t(d) = 8*d**3 - 82*d**2 + 21*d + 7. Is t(20) composite?
False
Let h be (1205/(-10))/((-4)/(-48)). Let z = h - -4360. Is 6/(-9) - z/(-6) a prime number?
False
Let m(o) = 11*o**2 - 2*o + 11. Let r be m(-10). Suppose 0 = -3*k - i + r, -3*k = -2*k - 5*i - 377. Is k a prime number?
False
Suppose 2*f - 21484 = -4*o, 5*f + 3*o - 37524 = 16151. Suppose f = -2*m + 7*m + l, -m - 3*l = -2138. Is m a composite number?
True
Let m(g) = 14*g**2 - 27*g - 5. Let b be m(-12). Suppose -5*o = 2*x -